 = -i + 45. What is the greatest common factor of 7 and w?
7
Suppose 10*g = 32 + 8. Suppose g*z = -l + 10, -69 = -6*l + 3*l + z. Calculate the greatest common divisor of l and 88.
22
Let d = 1 + 2. Let q be 0/(5/((-25)/(-10))). Suppose q = 3*k - 5*k + 66. What is the greatest common divisor of d and k?
3
Suppose -a - 5*a + 1470 = 0. Let m = -29 + a. What is the highest common factor of 24 and m?
24
Let a = 3306 - 2154. Suppose -8*x = x - a. Calculate the greatest common factor of x and 16.
16
Let p(h) = h**3 - 6*h**2 + 2*h + 2. Let g be p(6). Let a be (-9 - -8) + 2*130. Let f = -147 + a. Calculate the greatest common factor of g and f.
14
Let m(d) = -d**3 + 13*d**2 + d - 11. Let q be m(13). Suppose -l + 5*w + 20 = 0, -4*w + 17 + 9 = q*l. Calculate the highest common divisor of l and 3.
3
Let n(o) = 3*o**3 - 3*o**2 - 11*o + 22. Let c be n(2). Calculate the highest common divisor of c and 27.
3
Suppose 3*a - 9 = z + 2*z, 37 = 4*a + z. Suppose 0 = -4*t + 7 - 19. Let g = t + a. Calculate the highest common divisor of g and 40.
5
Let i be (-18 + 19)*(-10)/(-1). Let o be ((-25)/i)/(((-3)/10)/3). Calculate the highest common divisor of 25 and o.
25
Let a = 49 - 48. Let o be a/(((-3)/(9/(-2)))/6). Calculate the greatest common factor of o and 15.
3
Suppose -11*c + 191 + 546 = 0. Suppose -2*f - 5*o = -43, 2*f + 15 - c = -2*o. Calculate the greatest common factor of 29 and f.
29
Suppose d - 5*v = -2, 5*d + 2*v = -v + 74. Calculate the greatest common divisor of d and 195.
13
Let x(u) = 3*u**2 + 63*u - 350. Let w be x(-31). What is the highest common factor of 232 and w?
116
Let j(o) = 2*o**3 + o. Let u be j(1). Let i(k) = 2*k**2 - 3 + 2*k - 6*k + 8 - 1. Let v be i(u). Calculate the greatest common divisor of v and 2.
2
Let t be 3*(17 + -2)/3. Calculate the highest common divisor of 5 and t.
5
Let q(g) = 122*g + 60. Let j be q(1). Calculate the highest common factor of j and 14.
14
Let b be 9 + -3 + 2 + 300/(-50). Let t(q) = q**2. Let o be t(-1). Calculate the greatest common divisor of o and b.
1
Suppose 3*z - 4*m = -2*m + 472, -2*m = -8. Let g be 2/3 - 174/(-9). Calculate the highest common factor of g and z.
20
Let p(u) = 3*u + 127. Let i be p(-9). What is the highest common factor of i and 275?
25
Let q(v) = 8*v**2 - 5*v - 6. Let d be q(-1). Calculate the greatest common divisor of 966 and d.
7
Suppose 113*k - 82*k = 3100. Calculate the greatest common factor of k and 64.
4
Let z = 95 + 1. Calculate the greatest common factor of 160 and z.
32
Let a be (24/30)/((-1)/(15/(-6))). Suppose -g + a*y = y - 79, 0 = -4*g + 5*y + 320. What is the greatest common divisor of 5 and g?
5
Let p(v) = -v**2 + 8*v - 7. Let j be p(5). Suppose -j*d + 20 = -4*d. Suppose d*g - 5 = 4*g. What is the highest common divisor of g and 2?
1
Let g be (-237)/(-27) - 4/(-18). Let j be (6/(-36)*3)/((-3)/6). Calculate the greatest common factor of g and j.
1
Let x(m) = -7*m**2 + 63*m + 21. Let c be x(9). Calculate the greatest common factor of c and 9.
3
Let a(j) = j**3 - 37*j**2 - 96*j - 47. Let u be a(40). Calculate the greatest common factor of u and 11.
11
Suppose -460 = -4*i + 4*m, -5*i - 143 + 668 = 5*m. What is the highest common factor of 44 and i?
22
Let o = -849 - -1017. Calculate the highest common divisor of 120 and o.
24
Suppose 3*u - 3727 = h, -5*u + 1043 + 5170 = -3*h. What is the greatest common factor of 108 and u?
54
Suppose 0*r = -3*n + 5*r + 3, 0 = 5*r. Suppose 0 = x - n - 6. What is the highest common divisor of x and 7?
7
Let o be 9 + 0 + 0 + 3. Let z = o + -9. Suppose -z*h = -0*h - 6. What is the highest common divisor of 5 and h?
1
Let r(y) be the second derivative of 11*y**5/20 - y**4/12 - y**3/2 + 3*y**2/2 - y. Let o be r(2). What is the highest common divisor of 9 and o?
9
Suppose -4*j = -2*z - z - 75, z + 81 = 4*j. Let x = 130 - 127. Calculate the greatest common factor of j and x.
3
Suppose 6*v - 34 = -16. Let s(c) = -11*c**3 + c**2 - c - 1. Let b be s(-1). Let y = 0 + b. What is the highest common divisor of v and y?
3
Suppose -i = i + 4. Let z be i/(-4) + 99/2. Suppose -352*a = -357*a - 20, -4*h + 100 = -5*a. What is the greatest common divisor of z and h?
10
Let o(r) = -r**3 + 5*r**2 - r. Let t be o(3). What is the greatest common factor of t and 20?
5
Let y(d) = d**3 - 36*d**2 - 117*d + 68. Let f be y(39). Let g be ((-8)/6)/(3/(-18)). Let j = f + g. What is the greatest common factor of 19 and j?
19
Let k = -141 + 147. What is the highest common factor of 54 and k?
6
Let b(g) = 9*g - 1. Let x(s) = -2*s - 12. Let j be x(-7). Let o be b(j). Let w be 1*(0 + o)*1. Calculate the greatest common divisor of w and 34.
17
Let g be (-33)/(-12) - (2 + 54/(-24)). Suppose 92 = g*q + 56. Calculate the highest common divisor of q and 12.
12
Suppose 3*z - 35 = 4*j, -j + 42 = 3*z + 2*j. Suppose -2*d + 17 = -z. What is the greatest common divisor of 5 and d?
5
Let l be 129 - (-5)/(-3)*15/25. Let b be (-24)/8 - -1*19. What is the highest common divisor of b and l?
16
Let c be 92/(-3)*18/(-3). Suppose 0 = -o + 338 + c. Suppose 153 = -2*d + 3*v + 408, -4*d + 2*v + o = 0. Calculate the highest common factor of 12 and d.
12
Let d be -4 - (-2 + 0 - 7). Suppose -2*m + 87 = -d*b, 3*b - 5 = 2*b. Calculate the highest common divisor of 8 and m.
8
Suppose -7*w = -5*w - 8. Let g be 88/14 - w/14. Suppose 1 + 5 = r. What is the highest common factor of r and g?
6
Let t = 362 + 12. Let k(l) = -l**3 - 14*l**2 + 35*l + 82. Let s be k(-16). What is the highest common divisor of t and s?
34
Let f = 653 - 623. What is the highest common divisor of f and 30?
30
Suppose -2*i + 292 = 2*u + 2*i, -4*i - 116 = -u. What is the greatest common factor of u and 51?
17
Suppose -5*i - 1 = 14. Let s(p) = p**3 + 4*p**2 + 2*p + 4. Let a be s(i). Suppose -a*c + 3*c + 96 = 0. Calculate the highest common factor of 72 and c.
24
Let h = 10 + -5. Suppose g = 6*g - h*q - 20, 13 = 4*g - q. Suppose 3*d - r = 452, 3*d = -d + g*r + 606. Calculate the highest common factor of d and 60.
30
Let l be 47/(((-1)/4)/(75/(-100))). What is the highest common factor of 94 and l?
47
Suppose 9*j = 38*j - 232. Calculate the greatest common divisor of j and 20.
4
Let w be -10 + -5 + 12 + 8. Let f be -2 - (-1 - 0) - -56. What is the highest common divisor of f and w?
5
Let n(w) = -147*w**3 + 2*w**2 - w - 2. Let g be n(-1). Calculate the greatest common divisor of g and 370.
74
Suppose 0 = -0*f + f - 20. Let d be (-3 - -2)/((-10)/f). What is the greatest common divisor of 6 and d?
2
Let x(b) = b**3 + 9*b**2 + 17*b + 2. Let p be x(-5). Calculate the highest common divisor of p and 68.
17
Suppose -v + 58 = -4*u, 11*v - 40 = 10*v - 5*u. Calculate the highest common factor of v and 10.
10
Let v = 239 + -198. What is the greatest common factor of v and 1025?
41
Let p be ((-11)/6)/((-62)/2604). Calculate the greatest common divisor of p and 33.
11
Let w = -101 - -99. Let v = 14 - w. What is the greatest common factor of 8 and v?
8
Let i = -17 + 16. Let j = 14 - i. Suppose -5*f - 5*y = j, -f + y + 9 = -y. Calculate the greatest common divisor of f and 7.
1
Let s(q) = -2*q**2 - 8*q - 5. Let a be s(-2). Suppose 6*b = 4*b + 2*d + 60, a*b - 2*d = 85. Calculate the highest common factor of b and 50.
25
Let r(m) = m**3 - 25*m**2 + 112*m + 63. Let g be r(19). What is the greatest common factor of 125 and g?
25
Suppose 3*n = 2*n - 40. Let y = n - -67. Suppose 5*l = 5*u - 0*u - 45, 3*u = -3*l + y. Calculate the highest common factor of 27 and u.
9
Suppose -3*q - 24 = -18. Let j = q + 16. Calculate the greatest common factor of j and 42.
14
Suppose 3*m - 4*m - 39 = -4*h, 5*m = 25. Let n(i) = i**2 - 6*i - 6. Let t be n(7). Calculate the greatest common divisor of t and h.
1
Suppose -2*g + 30 = -d, -3*g + 54 = g - 5*d. Suppose -359*x + 375*x - 768 = 0. What is the greatest common divisor of g and x?
16
Suppose -6*g + 130 = -g. Suppose 2*j + 5*u - 93 = 0, u = -3*j + 142 - 22. Calculate the greatest common factor of g and j.
13
Suppose z + 5*m + 9 = 0, 79 = 4*z - 0*z - 3*m. What is the greatest common factor of 48 and z?
16
Let z(q) = -2*q**3 - 14*q**2 + 12*q + 28. Let n be z(-8). Calculate the highest common factor of n and 20.
20
Let w be 2*(-2)/6*(-7 - -4). Suppose -g + 5*u + 227 = 0, 3*u - 735 = -5*g + w*g. Calculate the highest common divi